t is (-11 - -12) + (-8 - (-7 + 1))?
-1
What is (-1 - -23 - -1) + (-9 - 0)?
14
What is the value of (37 - 47) + 2 + 13 + (1 - -1)?
7
Evaluate -58 + (-9 - -33) + 10.
-24
-8 - -5 - 5 - -9 - 26
-25
Evaluate 3 + (-2 - 1) + -6 - (37 + -33).
-10
Calculate -25 + (17 - 2) + 14.
4
Evaluate (-38 - 5 - (2 + -2)) + (527 - 526).
-42
-9 + (9 - (-1 + 8 - 4)) + 0
-3
What is the value of 16 + 13 + -32 + -4?
-7
What is 139 + -130 - (-1 - -4)?
6
Evaluate 19 - (5 + (2 - -5 - (7 + -2))).
12
Calculate 3 + (-8 - -5 - 11).
-11
Evaluate 4 + (-11 - (17 + -19)).
-5
What is the value of -1 + 16 - (-1354 + 1357)?
12
Evaluate -14 - (-1 - -18 - 21).
-10
Evaluate -4 + (-2 - -10 - -2 - (-22 - -27)).
1
Evaluate (-1 - -3) + (-6 + 0 - 10).
-14
What is 4 + -1 - 1 - (-34 - -10 - -16)?
10
What is -9 + (-5 - (-5 + 1)) + -10 + 9?
-11
What is 30 + -41 - (-6 - (-5 + 4)) - -2?
-4
Evaluate -2 + -14 + 17 + 12.
13
Calculate -12 - (-4 + -14 + 17).
-11
Evaluate -7 + -16 + (-15 - -25) + (1 - -2).
-10
Evaluate (2 - (-1 + 5 - 8)) + -6.
0
-5 + (-3 + 4 + 7 - 2) - 26
-25
What is -12 + 3 + -8 + 7?
-10
(12 - 3) + -4 + (4 - 9)
0
What is the value of (-19 - -1) + 23 + -17?
-12
Evaluate 17 + (-5 - (-4 + 15)).
1
(-25 - -7 - -19) + 2
3
What is (-16 + -38 - -50) + (17 - 0)?
13
What is the value of ((-16 - -10) + 8 - -10) + -21?
-9
What is the value of -9 + 11 - (47 + -62)?
17
What is 3 - (1 - (-2 - -4)) - (-15 - -20)?
-1
What is (1 - 7) + -16 - -10?
-12
Evaluate 5 + (-3 - 0) + (-8 - 0) + 4.
-2
What is 8 - (-7 + 72 - 38)?
-19
What is 0 - -3 - 6 - (22 + -28)?
3
What is 15 - (7 - -30 - 10)?
-12
3 + -6 + (6 - 3 - -2)
2
What is the value of -24 - (-10 + -2) - -15?
3
Calculate 36 + (-36 - -20) + -14.
6
What is -6 + 8 + -15 + 7 + -1 + -2?
-9
2 + (-8 - ((-5 - -8) + -5 + -2))
-2
Calculate (9 - 27) + (0 - -4 - 0).
-14
8 + (0 - (3 + 10))
-5
What is the value of -6 - (-1 + -1 + -6)?
2
Evaluate 7 - 0 - -3 - (17 - 17).
10
Evaluate -12 + -18 - -39 - 32.
-23
-3 + (-6 - (-5 - (-6 + 6 + 6)))
2
Evaluate 9 - (28 + -11 - -2) - -9.
-1
9 + (5 - 2) + -2 + 108 + -105
13
Calculate (2 - ((-6 - -2) + 12)) + -4.
-10
Evaluate -6 + -3 + 2 + -1 + (-20 - -11).
-17
(0 - 0) + -5 + (-19 - -4) + 2
-18
What is the value of -10 + ((0 - (-14 + 8)) + -8 - 6)?
-18
What is -3 + 9 - (1 + 1)?
4
Calculate (17 - 56 - -26) + 13.
0
Calculate -2 - (-6 - 21 - -18).
7
What is (8 - -13 - 5) + -18 + 2?
0
(4 - (2 + 14)) + (-170 - -207)
25
Calculate 25 - (-29 - -29 - -21).
4
Evaluate 25 - (-12 - (-8 - -10) - -16).
23
Evaluate (-22 - 0) + -20 + (24 - (7 + -15)).
-10
Evaluate -2 + (-12 - (1 + -9)) + 6 + -2.
-2
What is 2 - 12 - (-20 + 7)?
3
What is the value of -9 + (4 - (2 + -7 + -4 + 5))?
-1
What is -7 - (-21 + 9 - -4)?
1
Evaluate (1 - 1) + -19 + 5 + 11 + -12.
-15
What is the value of -31 - -33 - (2 + -2)?
2
Calculate -3 + 14 + -10 + -15 - -26.
12
Evaluate -34 + 9 + 25 + -25.
-25
What is (4 + -1 - -2 - (6 - 25)) + -3?
21
Evaluate 2 + -14 - (5 + -16 - -10).
-11
Evaluate 30 + 4 + -13 - 20.
1
0 - (-19 - 2) - 8 - -1
14
32 + 13 - 11 - 18
16
-11 + (7 - 5 - 7) + -4 + 3
-17
Evaluate (5 - -1) + 0 + 23 + -14 - -4.
19
What is the value of 3 + 4 + -24 + 12 - (16 - 1)?
-20
What is 3 - (-3 - 17 - -13)?
10
-8 - ((-1 - 12) + -3) - (-7 + -2)
17
Evaluate -5 + 10 - 10 - ((-5 - -5) + -17).
12
What is the value of -20 - (18 + -8 - 30)?
0
What is -1 - 0 - 1 - (9 - (8 + 23))?
20
What is the value of 2 - 4 - (57 + -44)?
-15
3 + (-28 - (-20 + 6))
-11
(-17 - -3) + 6 - -8 - (3 + -2)
-1
-11 + 1 - (-37 + 28 + -5 + 20)
-16
What is 19 + (15 + -36 - 12)?
-14
Evaluate -5 + 1 - (-7 + -1 + -15 + 39).
-20
What is the value of (4 - -15) + -9 - 10?
0
Calculate 6 + (3 - 1) + (-17 - -13).
4
6 + 6 + -13 + 13 + -29
-17
What is (4 - ((19 - 4) + -4)) + -11?
-18
1 + 5 + -2 - (10 - 10 - 11)
15
Evaluate (21 - (59 + -25)) + -9.
-22
Calculate (-11 - (8 - (13 + 1))) + 34.
29
Evaluate 39 + -24 + -2 + 0 + -10 - 28.
-25
(0 - (0 + 10)) + (-32 - -12 - -16)
-14
-3 + (19 - 23) - 4
-11
Evaluate (-10 - 22 - -101) + -42.
27
Calculate 10 - (-1 - (11 - (1 + 20))).
1
Evaluate -26 + 27 + (1 - 18) + 11 - 7.
-12
What is 82 + -68 - (19 + 1)?
-6
Calculate 0 + -1 + -13 + -3 + 9.
-8
0 + -11 - (-9 + -13 + 18)
-7
What is (-1 - (-9 + 3 + 4)) + 7 + 9?
17
What is 19 + -1 - (47 - 42)?
13
What is (8 - 10) + (-1 - (0 + -7)) - -3?
7
Calculate (3 - 5) + (10 - 20).
-12
0 + -13 + (-9 + 8 - (0 - 8))
-6
What is -5 + (3 - 20) + (13 - (-7 + 14))?
-16
What is 4 + (21 - (41 - 19))?
3
Evaluate -67 - -63 - (-8 + 2).
2
Calculate 2 - (8 + -7) - (-9 - -17).
-7
Evaluate (-7 - 7) + 4 + (7 - -2).
-1
What is 1 + 4 + 7 + -6 + -2 - 15?
-11
What is (6 - (-5 - -22)) + -5 + 5?
-11
-17 - -3 - (402 + -441)
25
Evaluate -3 + 0 + (-1 - ((0 - -1) + -3)).
-2
Calculate 19 - (47 + 22 + -34).
-16
Calculate -1 - -10 - (30 - (14 + 6) - 5).
4
What is -7 + -6 + 15 + 19 + -5 + -4?
12
Evaluate (2 - (1 - 0)) + 4 + 256 + -265.
-4
What is (5 - -8) + (39 - 39)?
13
What is the value of (5 - 42) + (-3 - -16) + 11?
-13
What is 6 + (-1 - -12) + -6 + 2 + -32?
-19
Evaluate -7 - (-21 + -7 - (-4 + -1 + -4)).
12
-9 - (16 + (14 - 30))
-9
What is the value of 9 + (-3 - 22) - -3?
-13
(8 - (-3 + 5) - -2) + (8 - 20)
-4
What is (-37 - (-13 - 5)) + 20?
1
What is the value of -13 - (-15 - 4) - -19?
25
What is the value of -26 + 42 + 0 + -25?
-9
What is 17 + -19 + 4 - (-1 - 5 - -2)?
6
-22 + ((17 - 18) + -1 + 11 - 6)
-19
Evaluate (-9 - 0 - -4) + 0 + 24 + -21.
-2
-8 + 7 + -1 + -5 + (12 - -4)
9
Calculate 6 + -1 + -5 + 5 + 3.
8
Calculate -22 + -14 + 14 - -3.
-19
Evaluate (12 + -44 - -63) + (1 - 10).
22
Evaluate 1 + 0 - (11 + -3 + -19 + 2).
10
-11 - (4 + (-15 - -4) + 5)
-9
-1682 + 1673 - (-11 - (2 - 3))
1
(11 - 31 - -20) + -1 + 8
7
14 - -5 - (-12 - -28)
3
(18 - 16 - 33) + 9
-22
Calculate 17 + -13 + (6 - -1) + 4.
15
What is 105 + -101 + (3 - 2)?
5
-10 - (-8 - -13) - -29
14
(5 - (4 - (-6 - -16)) - 11) + -8
-8
What is -17 - (2 - 34 - -25)?
-10
What is the value of 53 + -78 - (-19 + 1)?
-7
-4 + 34 + (-17 + 13 - -4) + -9
21
Evaluate (-45 - -62) + (-3 - 12).
2
Calculate 11 + (13 - 8 - 25).
-9
5 + -19 + (6 - (4 - 9)) + 0
-3
Evaluate 13 - (2 + (-5 + 13 - (3 - -11))).
17
-1911 + 1943 + (-7 - 0)
25
Calculate (-191 - -183) + -2 + 16.
6
What is the value of 9 - (83 - 42 - 35)?
3
What is the value of (2 - 2) + ((4 - 6) + 2 - -5)?
5
0 - ((3 - 3) + -4 + 7 + -10)
7
What is (12 - 18) + 15 + (4 - -1)?
14
What is (-1 - 4) + (14 - (44 + -61)) + 12?
38
What is 28 - (23 - (20 + -31))?
-6
Evaluate -6 + 3 + 7 - (9 + -14).
9
What is the value of -3 - (-2 - (0 - 7) - (-24 + 24))?
-8
What is the value of -36 + 67 + -29 + (-1 - -6)?
7
What is the value of -13 - (-6 + -4 - -2)?
-5
What is the value of -47 + 44 - (-1 + -7) - (13 + 5)?
-13
What is the value of -1 + (9 - 1) + -17 + 1 - -15?
6
Calculate (53 + -59 - (11 + -1)) + -6.
-22
Calculate (9 + -9 - -13) + -14 - 3.
-4
(1402 - 1379) + 1 + -32
-8
Evaluate -12 - (1 - 4 - 4).
-5
24 - (61 - (37 - 15))
-15
Calculate (25 - 23) + (-4 - -18).
16
What is 11 + (0 - 10) + -1 + (-8 - 2)?
-10
Calculate (1 - 7) + (-11 - (-11 - -4)) - -3.
-7
What is 0 - (-2 + (4 - 8 - 3) + 13)?
-4
-39 + (49 - 26 - 0)
-16
Evaluate -32 + 34 - (2 - -12) - (7 - 11).
-8
What is the value of 1 - (-12 - (-8 - -8))?
13
What is the value of 1 + -22 - (-54 - (-7 + -32))?
-6
What is the value of -1 - ((5 - (7 + -2 + -7)) + -4)?
-4
7 - (7 + -4) - (4 - (0 - 2))
-2
What is the value of 9 - 14 - (1 + 1) - (4 - -1)?
-12
What is -14 + (-1 - -17) + 5 + -3 + -12?
-8
What is the value of (-5 - (0 - -2)) + 17 + 6?
16
What is -16 + 3 - -11 - -4?
2
What is the value of -11 + -15 + 7 - (-90 + 45)?
26
-12 - -13 - (-9 + 10 + -4)
4
What is (1 + 1 - -3) + -7 + 4 + 1?
3
What is 8 + -22 + 12 + 1?
-1
What is -17 - ((12 - 8) + 5 + -17)?
-9
What is 36 + -4 - (426 + -410)?
16
10 + -2 + (2 + (18 - 6) - 19)
3
What is the value of 17 - (15 + -2 + 6)?
-2
What is 8 + -12 + -14 + 10?
-8
Evaluate 13 + -17 + 10 + -15.
-9
What is -13 + 5 + 10 + -5 + 4?
1
What is the value of (-19 - (1 + 0)) + (231 - 223)?
-12
-3 + 0 - ((2 - 1) + 3)
-7
Calculate -2 - (6 - (-10 - -2)) - -7.
-9
6 + -11 + 21 + -14
2
-1 - (1 + 45 + -18)
-29
0 + -1 - (-14 + 36 + -16)
-7
2 + -1 + -44 + (48 - 12)
-7
Evaluate (-39 - -51) + -19 + -3.
-10
What is 15 + -25 + 5 - (1 - 4)?
-2
What is the value of (-6 - (12 - 12)) + 6?
0
Calculate 6 + 1 + (-15 - -13 - (4 - 2)).
3
Evaluate -2 - (-1 